e the prime factors of 2939?
2939
What are the prime factors of 605?
5, 11
List the prime factors of 3025.
5, 11
What are the prime factors of 2193?
3, 17, 43
What are the prime factors of 67278?
2, 3, 11213
List the prime factors of 94.
2, 47
What are the prime factors of 7964?
2, 11, 181
What are the prime factors of 2138?
2, 1069
List the prime factors of 304.
2, 19
What are the prime factors of 3562?
2, 13, 137
List the prime factors of 8712.
2, 3, 11
What are the prime factors of 571?
571
List the prime factors of 1755.
3, 5, 13
List the prime factors of 15416.
2, 41, 47
List the prime factors of 36053.
31, 1163
List the prime factors of 10429.
10429
List the prime factors of 215.
5, 43
List the prime factors of 3009.
3, 17, 59
List the prime factors of 49519.
23, 2153
List the prime factors of 985.
5, 197
What are the prime factors of 2415?
3, 5, 7, 23
What are the prime factors of 49667?
49667
List the prime factors of 5784.
2, 3, 241
List the prime factors of 960.
2, 3, 5
What are the prime factors of 41316?
2, 3, 11, 313
What are the prime factors of 196?
2, 7
What are the prime factors of 2166?
2, 3, 19
What are the prime factors of 3315?
3, 5, 13, 17
What are the prime factors of 1595?
5, 11, 29
What are the prime factors of 3972?
2, 3, 331
What are the prime factors of 52370?
2, 5, 5237
List the prime factors of 6556.
2, 11, 149
What are the prime factors of 1754?
2, 877
What are the prime factors of 835?
5, 167
What are the prime factors of 752?
2, 47
What are the prime factors of 2104?
2, 263
List the prime factors of 1312.
2, 41
What are the prime factors of 483?
3, 7, 23
List the prime factors of 45641.
45641
What are the prime factors of 7771?
19, 409
What are the prime factors of 23643?
3, 37, 71
What are the prime factors of 174?
2, 3, 29
List the prime factors of 3711.
3, 1237
List the prime factors of 14797.
14797
List the prime factors of 23698.
2, 17, 41
List the prime factors of 6865.
5, 1373
What are the prime factors of 12211?
12211
What are the prime factors of 67180?
2, 5, 3359
List the prime factors of 947.
947
What are the prime factors of 59869?
19, 23, 137
List the prime factors of 5898.
2, 3, 983
What are the prime factors of 1253?
7, 179
What are the prime factors of 1266?
2, 3, 211
List the prime factors of 1419.
3, 11, 43
List the prime factors of 539.
7, 11
What are the prime factors of 1298?
2, 11, 59
List the prime factors of 1108.
2, 277
What are the prime factors of 16948?
2, 19, 223
What are the prime factors of 111998?
2, 29, 1931
List the prime factors of 6140.
2, 5, 307
List the prime factors of 64221.
3, 21407
List the prime factors of 1480.
2, 5, 37
What are the prime factors of 2135?
5, 7, 61
List the prime factors of 10425.
3, 5, 139
What are the prime factors of 473?
11, 43
List the prime factors of 286.
2, 11, 13
List the prime factors of 57238.
2, 28619
What are the prime factors of 7550?
2, 5, 151
List the prime factors of 42635.
5, 8527
What are the prime factors of 58723?
7, 8389
List the prime factors of 2340.
2, 3, 5, 13
What are the prime factors of 6194?
2, 19, 163
List the prime factors of 1305.
3, 5, 29
List the prime factors of 2587.
13, 199
What are the prime factors of 85657?
11, 13, 599
What are the prime factors of 15908?
2, 41, 97
List the prime factors of 14192.
2, 887
List the prime factors of 791.
7, 113
What are the prime factors of 8172?
2, 3, 227
What are the prime factors of 97729?
97729
List the prime factors of 3241.
7, 463
What are the prime factors of 7305?
3, 5, 487
What are the prime factors of 8026?
2, 4013
List the prime factors of 35130.
2, 3, 5, 1171
List the prime factors of 1281.
3, 7, 61
List the prime factors of 11081.
7, 1583
What are the prime factors of 371?
7, 53
What are the prime factors of 84357?
3, 7, 13, 103
List the prime factors of 7248.
2, 3, 151
What are the prime factors of 275?
5, 11
What are the prime factors of 21706?
2, 10853
List the prime factors of 3379.
31, 109
What are the prime factors of 92?
2, 23
List the prime factors of 896.
2, 7
What are the prime factors of 1642?
2, 821
List the prime factors of 81179.
7, 11597
List the prime factors of 2488.
2, 311
List the prime factors of 5719.
7, 19, 43
What are the prime factors of 4355?
5, 13, 67
What are the prime factors of 10617?
3, 3539
What are the prime factors of 64222?
2, 163, 197
List the prime factors of 8167.
8167
What are the prime factors of 43834?
2, 7, 31, 101
What are the prime factors of 57055?
5, 11411
What are the prime factors of 1174?
2, 587
List the prime factors of 1900.
2, 5, 19
List the prime factors of 58816.
2, 919
List the prime factors of 1650.
2, 3, 5, 11
What are the prime factors of 941?
941
What are the prime factors of 713?
23, 31
What are the prime factors of 1289?
1289
What are the prime factors of 2049?
3, 683
What are the prime factors of 2150?
2, 5, 43
What are the prime factors of 4146?
2, 3, 691
What are the prime factors of 2285?
5, 457
List the prime factors of 34468.
2, 7, 1231
List the prime factors of 1153.
1153
What are the prime factors of 7884?
2, 3, 73
List the prime factors of 9692.
2, 2423
What are the prime factors of 1131?
3, 13, 29
What are the prime factors of 6914?
2, 3457
What are the prime factors of 1484?
2, 7, 53
What are the prime factors of 136778?
2, 68389
List the prime factors of 950.
2, 5, 19
What are the prime factors of 881?
881
What are the prime factors of 10844?
2, 2711
What are the prime factors of 383?
383
List the prime factors of 133415.
5, 26683
What are the prime factors of 5931?
3, 659
What are the prime factors of 50980?
2, 5, 2549
What are the prime factors of 771?
3, 257
What are the prime factors of 7670?
2, 5, 13, 59
List the prime factors of 40038.
2, 3, 6673
What are the prime factors of 7106?
2, 11, 17, 19
List the prime factors of 44320.
2, 5, 277
List the prime factors of 28500.
2, 3, 5, 19
What are the prime factors of 91703?
91703
List the prime factors of 241.
241
List the prime factors of 16080.
2, 3, 5, 67
List the prime factors of 792.
2, 3, 11
List the prime factors of 116120.
2, 5, 2903
List the prime factors of 12143.
12143
What are the prime factors of 4774?
2, 7, 11, 31
What are the prime factors of 6262?
2, 31, 101
What are the prime factors of 2414?
2, 17, 71
What are the prime factors of 7526?
2, 53, 71
List the prime factors of 2263.
31, 73
List the prime factors of 6559.
7, 937
List the prime factors of 4401.
3, 163
List the prime factors of 12688.
2, 13, 61
List the prime factors of 68920.
2, 5, 1723
List the prime factors of 2661.
3, 887
What are the prime factors of 109?
109
List the prime factors of 1716.
2, 3, 11, 13
List the prime factors of 14424.
2, 3, 601
What are the prime factors of 228?
2, 3, 19
List the prime factors of 13925.
5, 557
List the prime factors of 94991.
13, 7307
What are the prime factors of 42936?
2, 3, 1789
List the prime factors of 686.
2, 7
List the prime factors of 2444.
2, 13, 47
What are the prime factors of 21729?
3, 7243
List the prime factors of 1479.
3, 17, 29
What are the prime factors of 976?
2, 61
List the prime factors of 343.
7
List the prime factors of 1666.
2, 7, 17
List the prime factors of 1388.
2, 347
List the prime factors of 2650.
2, 5, 53
What are the prime factors of 14339?
13, 1103
What are the prime factors of 22247?
22247
What are the prime factors of 8651?
41, 211
List the prime factors of 25473.
3, 7, 1213
What are the prime factors of 8403?
3, 2801
List the prime factors of 14861.
7, 11, 193
What are the prime factors of 499?
499
List the prime factors of 56420.
2, 5, 7, 13, 31
List the prime factors of 957.
3, 11, 29
List the prime factors of 1230.
2, 3, 5, 41
What are the prime factors of 304?
2, 19
List the prime factors of 32820.
2, 3, 5, 547
List the prime factors of 836.
2, 11, 19
What are the prime factors of 52172?
2, 13043
What are the prime factors of 3057?
3, 1019
List the prime factors of 70526.
2, 179, 197
What are the prime factors of 4638?
2, 3, 773
List the prime factors of 1363.
29, 47
What are the prime factors of 360?
2, 3, 5
List the prime factors of 1412.
2, 353
List the prime factors of 40506.
2, 3, 43, 157
List the prime factors of 24550.
2, 5, 491
What are the prime factors of 1440?
2, 3, 5
List the p